derivative of x**5/20 - x**4/3 + 2*x**3/3 - x**2 - 58*x. Determine d(5).
39
Let d(q) = -55 + 32 + q - 6*q + 26. Give d(-7).
38
Let k(z) be the second derivative of -z**4/12 + z**3/3 + 7*z**2/2 + 6*z. Give k(7).
-28
Let x(f) = f + 6. Let r(s) = s**2 - 4*s + 6. Let l be r(4). Suppose -q + 2*q - 4 = p, -q + 5 = 0. Let b = p - l. Determine x(b).
1
Let v(u) be the first derivative of -25*u**3/3 + 92. Let c = -1 - 0. What is v(c)?
-25
Suppose -5*f + 10*s + 7 = 7*s, s + 1 = f. Let l(o) be the first derivative of -o**4/4 + o**3/3 - o**2 + 3*o - 1. Give l(f).
-5
Let b(v) = -v**3 - 8*v**2 + 6*v - 21. Suppose 2*f - 23 = 3*g, g = -5*f - 18 - 1. Give b(g).
6
Let o = -5 + 7. Let l(p) = p**o - 5*p - 330 + 326 - 2*p**2. What is l(-4)?
0
Let f(o) = -3*o - 1. Suppose -2*c = -w + 1, 0 = -3*c - 0*w + 2*w + 1. Calculate f(c).
8
Let q(w) = -2*w**2 - w + 17. Let f be -3 - ((-63)/(-81) - (-2)/9). Let k be q(f). Let c(z) = -z - 7. Determine c(k).
4
Suppose 4*i - 28 = 4*z + 20, -2*i + z + 19 = 0. Let b be 2 - -1 - (5 - 6). Let u(d) = -4*d**3 - d**3 - 2 + 7*d**2 + b*d**3. Calculate u(i).
-2
Let a(s) = s**3 - 8*s**2 - 8*s - 6. Suppose -186*i + 99 = -175*i. What is a(i)?
3
Suppose 11 = m + 5*a, 6*a - 23 = 2*m + a. Let b(w) = -7*w - 7. Let k(n) = 19*n + 20. Let c(q) = -8*b(q) - 3*k(q). What is c(m)?
0
Let q(z) = -z**2 - 11. Let i(r) = -2*r**2 - 2*r - 22. Let h(d) = 4*i(d) - 7*q(d). Calculate h(-5).
4
Let m be 124/(-12) - 1/(-3). Let g = 13 + m. Let b(s) = 0*s + s**2 - 2*s**2 - s**g - s. Determine b(-1).
1
Let c(w) = -w. Let s(g) = -2*g - 7. Let o be s(-5). Suppose -3*i - o*b = -3, 3*b + 4 + 1 = -i. Suppose i*u + 3*a = -0*a + 3, -2*u = -4*a - 18. Give c(u).
-3
Suppose 3*q + 22 = 5*j, -12 = 2*j + q + 3*q. Suppose 2*r - 2*d = 0, j*r - 7*r = 3*d. Let m(x) = -x**2 + 26. What is m(r)?
26
Let i be -2 - (-2 - -3)*-8. Suppose -2*j + 10 = 2*a, -4 = -3*j + 3*a - 1. Let t(b) = 65*b**2 + 9 - j*b - 64*b**2 - 3*b. Give t(i).
9
Suppose 0 = 3*l + l - 956. Suppose l = -3*h + w, h - 2*w = w - 69. Let u be 10/(-25) - h/15. Let i(v) = v**2 - 5*v + 7. Determine i(u).
7
Let k(g) = 69 - 5*g - 2*g - 83. What is k(-6)?
28
Let v = 16 - 15. Let y be 2*17*v/(-2). Let z = 13 + y. Let x(u) = -2*u**2 - 5*u + 1. Give x(z).
-11
Let p(q) be the second derivative of -3*q**4/4 - q**3/6 - q**2/2 + 2*q - 38. Calculate p(-1).
-9
Let b(s) = -8*s + 32. Let x(f) = 4*f - 14. Let j(l) = -2*b(l) - 5*x(l). Determine j(-12).
54
Let x(i) be the third derivative of i**4/4 + i**3/2 - 117*i**2 + 2*i. Calculate x(-2).
-9
Let x(k) = -2*k - 26. Let d be x(-14). Let j(a) = d*a - 2*a**2 - 10*a - 1 + 9*a. What is j(1)?
-2
Suppose -3*t - 13 = 2*y, 29 = y - 5*t + 3. Let m be y/((4/8)/1). Suppose m*z - 3*g = 11, -4*z + 6*z = -4*g - 10. Let k(h) = 4*h. What is k(z)?
4
Let x(c) be the first derivative of c**2/2 - 4. Let i be 5*((-65)/55 + (-4)/(-22)). Calculate x(i).
-5
Let c(j) be the second derivative of j**3/3 - 2*j**2 + 23*j. Determine c(-3).
-10
Let n(u) = -u**3 - 6*u**2 + 3*u + 2. Let o = 25 - 28. What is n(o)?
-34
Let o be (-2*(-2)/4)/(1/5). Let w(g) = 3*g**2 + 4*g - 3. Let t(y) = -2*y**2 - 3*y + 2. Let q(z) = o*t(z) + 4*w(z). Determine q(-2).
4
Let w(c) = 20*c**2 - 5 - 41*c**2 - 2 + 20*c**2 - 1. What is w(0)?
-8
Let c(j) = j**2 - 3*j - 7. Let p be ((-4)/8 + -1)*-2. Suppose p*y + 0*y = 0. Suppose y - 20 = -4*q. Give c(q).
3
Let b(p) = -2*p**2 - 16*p**2 - 3*p**2 + 0*p - p. What is b(1)?
-22
Let d(h) = 3*h + 4. Let u(m) be the first derivative of m**2/2 + 3*m - 43. Suppose -4*i - 37 = x - 0*x, -x - 29 = 3*i. Let a be u(i). Give d(a).
-11
Let j(v) = 5*v**2 - 13 - v**2 - 3*v**2. Let r = -3 - -31. Let g = r + -28. Calculate j(g).
-13
Let x = 66 - 66. Let i(b) = x*b**3 - 2*b**3 - 2*b**3. What is i(-1)?
4
Let i(k) = -7 + 4 - k + 6. Suppose -6 = -2*m + 2*a - 4, 3*a = 5*m - 1. Let d = 4 + m. Give i(d).
0
Let r(w) = -w - 8*w**3 - 7*w**2 + 11 + 9*w**3 - 6*w - w. Determine r(8).
11
Let f be 2 - (366/(-72) + 7). Let z(v) be the second derivative of -6*v + 3/2*v**2 + 0 + v**3 + f*v**4. What is z(-4)?
-5
Let w(h) be the first derivative of -3*h**2/2 + 8*h + 74. Determine w(3).
-1
Let d be 0/(((-104)/(-13))/8). Let b(c) be the third derivative of c**5/60 + c**4/24 - c**3/6 + c**2. Give b(d).
-1
Let g(k) = -k - 2. Let m(i) = -i**2 + 11*i - 23. Let p be m(4). Let r be (2 - 3) + 9 - (-3 + p). Determine g(r).
-8
Let g(c) = c**3 - 4*c**2 - 5*c - 7. Suppose 5*w - 18 = -63. Let a be 2 + (3 - 3) + w/(-3). Calculate g(a).
-7
Let a(o) be the first derivative of -o**4/12 - o**3/2 + o**2 - o - 1. Let x(z) be the first derivative of a(z). Suppose 23*u + 3913 - 3821 = 0. Determine x(u).
-2
Let h(s) = -38*s**2 + 5*s + 13. Let k(y) = -57*y**2 + 8*y + 21. Let d(p) = 8*h(p) - 5*k(p). What is d(-1)?
-20
Suppose -5*t - 4*i = 32 + 29, 2*t = -2*i - 26. Let a(r) = r**3 + 10*r**2 + 9*r - 7. Give a(t).
-7
Let y(p) = -3*p - 11. Let r be 14 - 7 - (15 + -2). Give y(r).
7
Let l(j) = 5*j + 36. Let y(q) = -9*q - 74. Let d(b) = -5*l(b) - 2*y(b). Determine d(-5).
3
Suppose -2*g + 15 = 3*g. Let f(z) = z**2 - 5*z + 2. Let i(o) = 3*o**2 - 14*o + 6. Let h(q) = 11*f(q) - 4*i(q). Determine h(g).
-8
Let z(l) = -l**2 - 7*l + 6. Let t be (31/7 - (-17 - -20))*-7. Calculate z(t).
-24
Let i(m) = -m**2 - 21*m - 43. Let c be i(-18). Let s(a) = a**2 - 11*a. Give s(c).
0
Let o(c) be the second derivative of -1/6*c**3 - 5/2*c**2 + 0 - 1/24*c**4 - 1/10*c**5 + c. Let n(p) be the first derivative of o(p). Give n(-1).
-6
Suppose -8 = -0*u - 4*u + 2*b, 3*u = 3*b + 6. Suppose -3*n - u*p + 2 = n, -5*n = 3*p. Let c(m) = m + 0*m**2 + 3*m**2 + 2*m - 4 + m**n - 2*m**3. Determine c(3).
5
Suppose -4*u + 0 = -8. Let r(q) = -5 - 5*q**u + 0*q**3 - q**3 + 4. Let j(a) = a**2 + 43*a + 301. Let x be j(-34). Determine r(x).
-1
Let t(f) = -f**2 + 5*f + 4. Let y = 16 - 27. Let c(m) = m**2 + 10*m - 3. Let r be c(y). Suppose -r = -5*k + 17. Determine t(k).
4
Let k(u) = u**2 - 1. Let g(y) = -y**3 - 9*y**2 + 11*y + 10. Let h(s) = g(s) + 3*k(s). Give h(-7).
-21
Let t(z) = -z**3 - 3*z**2 - z - 1. Let l be t(-3). Let g = 4 - l. Let c(u) = 2*u - 6 - 4*u + 5 - g*u**2 - 10*u**3. Determine c(-1).
9
Let h(f) = -f - 2. Let c(t) = 2*t + 2. Let w(m) = -2*c(m) - 3*h(m). Suppose 9*q - 297 = -24*q. Determine w(q).
-7
Let n(y) = 27*y**3 + y**2 + y + 3. Let o(l) = l**3 + l**2 + l + 1. Let v(c) = n(c) - 2*o(c). Calculate v(1).
24
Let m(t) be the second derivative of t**3/6 + 2*t + 106. Suppose -n = -6*n - 4*o + 36, -4 = -o. Calculate m(n).
4
Let b = 314 - 310. Let r(d) = -d**3 + 3*d**2 + 1. Calculate r(b).
-15
Let y(o) = 40*o - 9. Let j(w) = -17*w + 4. Let h(c) = 7*j(c) + 3*y(c). Let n(f) = -f - 8. Let p be n(-7). Calculate h(p).
0
Suppose -35 = -2*f - 5*f. Let j(q) = -q**3 + 1 - 3*q**2 + 2*q**3 + 6*q**3 - f*q**3. What is j(2)?
5
Let c(z) = 3*z**3 - 2*z**3 + 7 + 2*z**2 + z + 0 + 3*z**2. Let u be c(-5). Let f(i) = 3*i**2 - 3*i + 3. What is f(u)?
9
Let w(s) be the third derivative of 0 + 1/60*s**5 - 26*s**2 - 1/3*s**4 + 0*s + 7/6*s**3. Give w(6).
-5
Suppose -120*q + 498 = -119*q. Let u(y) = 249 - q - 11*y + 250. Determine u(1).
-10
Let g(h) = -h**2 - 21*h + 127. Let n be g(5). Let b(o) = 11*o. Give b(n).
-33
Let d = 9 + -5. Suppose 5 = d*r + 21. Let f(x) be the third derivative of -x**6/120 - x**5/15 + x**4/24 + 5*x**3/6 - 12*x**2. Calculate f(r).
1
Let d be 12/9*-3*-1. Let r(s) = -4*s - 2*s**3 + 3*s**2 - 6*s**2 + 3*s**3. What is r(d)?
0
Let j be (-3)/(-1) + (-24)/(-2). Let i = j - 9. Let n(a) = -3 + 1 - 1 - 4*a - 5*a**2 + a**3 + 1. Calculate n(i).
10
Let u(l) = -2*l**3 - 3*l**3 - 1 - 2*l**3. Let m be (-2 + 2 - -1)*1/(-1). Determine u(m).
6
Let n(t) = 59*t - 2*t**2 - t**3 - 47*t - 13*t**2 - 17 + 3*t**2. Give n(-13).
-4
Let w be (20/(-16))/((-2)/(-8)). Let r be (0 - (-1)/2)*2. Let p(a) = 3 + r - a - 1 - 2. Determine p(w).
6
Suppose 5*w + 4 = 4*t - 44, w + 12 = 2*t. Let s = -6 - w. Let i(k) = 5*k**2 - 3*k + 3. Give i(s).
17
Let m(a) = -3*a - 1. Let w = 9 - 8. Let t = 2 - 4. Let s = t + w. What is m(s)?
2
Let l(s) be the second derivative of -s**5/10 + s**4/6 - s**2/2 + s. Let i(r) be the first derivative of -r**3/3 - 3*r**2/2 - r - 1. Let t be i(-3). Give l(t).
3
Let f(t) = 4*t + 26 - 31 - 11 - 27. Give f(13).
9
Let y(f) = -13*f - 1. Let z(v) = -v**3 - 19*v**2 - 21*v - 43. Let t be z(-18). Let b(c) = -25*c - 2. Let s(p) = t*y(p) - 6*b